h). Suppose -8*n + 76 - 68 = 0. Determine g(n).
6
Let j(f) = 35*f**3 + 18*f**2 - 3*f - 17. Let p(s) = -48*s**3 - 24*s**2 + 4*s + 23. Let d(x) = -11*j(x) - 8*p(x). What is d(-5)?
-27
Suppose -11 + 2 = -9*o. Let d(u) = 3 + 0 + 4*u - 6*u - 2. Give d(o).
-1
Suppose 25*s = 46*s + 63. Let u(d) = 1. Let b(o) = -2*o + 6. Suppose 9 - 1 = 4*c. Let p(n) = c*u(n) - b(n). What is p(s)?
-10
Let w(c) = -16*c + 63. Suppose -5*k = -2*y - 45, 3*y + 40 - 67 = -6*k. Give w(k).
-49
Let r(v) = 37*v**2 - 23*v + 1450. Let f(j) = 13*j**2 - 8*j + 512. Let a(y) = 17*f(y) - 6*r(y). What is a(7)?
-31
Suppose 0 = -0*n + 3*n + n. Suppose n = -31*c + 37*c + 18. Let h(f) = -7*f**2 + f - 4. Let z(l) = -3*l**2 - 2. Let d(j) = 2*h(j) - 5*z(j). Determine d(c).
5
Let v(h) be the first derivative of 5*h**4/4 + 2*h**3/3 - h**2 - h + 3829. Determine v(1).
4
Let d(p) = 1244 + 14*p + 1241 - 2479 - p**2. Determine d(13).
19
Let t(i) = -8*i + 1. Let u(y) = 61*y - 30. Let x(v) = 14*t(v) + 2*u(v). Calculate x(5).
4
Let g(n) be the first derivative of 3*n**4/4 + n**3/3 - n**2/2 + 3124. Let c = 3 + -2. Determine g(c).
3
Suppose 324*v - 195 = 319*v. Suppose 33 = -6*z + v*z. Let t(s) = -s - 5. Let o(c) = -c - 6. Let y(n) = 5*o(n) - 6*t(n). What is y(z)?
1
Let a(t) = -176*t + 11. Let s(m) = -563*m + 33. Let d(f) = -16*a(f) + 5*s(f). Let u(l) = -l**2 + 17*l + 25. Let p be u(18). Determine d(p).
-4
Suppose 71 = -9*q + 26. Let k(a) = -5*a**2 - 27*a - 3. What is k(q)?
7
Let q(x) = -x**2 - 4*x + 10. Let r(b) = 6*b - 28. Let t be r(7). Suppose -y = y + t. Determine q(y).
-11
Let v be 4 - (2 + 0/5). Suppose v*i + i - 12 = 0. Suppose -i = 4*l - 16. Let k(b) = b**3 - 3*b**2 - 3. Determine k(l).
-3
Let m(o) be the first derivative of -5*o**3/3 - 10*o + 2035. Calculate m(-4).
-90
Let y(i) be the second derivative of 2*i**3 + 21*i**2/2 - 4215*i. What is y(13)?
177
Let f(v) = v + 15. Let q be f(0). Suppose 8*p - 1 - q = 0. Let i be p/(-7) + -1 + 23/7. Let o(s) = -s**3 + 2*s**2 - 2*s + 3. What is o(i)?
-1
Let a be (1859/5)/1 - 2/(-10). Suppose -g + a = 372. Let t(q) = q**3 - q**2 - q - 3. Calculate t(g).
-3
Let w(o) be the first derivative of -9*o + 3/4*o**4 + 3 - 13/3*o**3 - 13/2*o**2. Let t(l) = l**3 - 6*l**2 - 6*l - 4. Let p(h) = 5*t(h) - 2*w(h). What is p(-3)?
1
Suppose l + 4 = 2*l. Let u be (4 - (-6)/3) + -3 + 1. Let n(b) = 11*b + 117*b**3 - 116*b**3 - 6*b**2 - u*b - 6. Calculate n(l).
-10
Let l(i) = -i**3 + 8 - 3*i**3 - 6*i**2 + 3*i**3. Let a(z) = -619*z + 16707. Let d be a(27). Give l(d).
8
Let o(z) = 9*z**2 - 9*z. Let k(s) = 19*s**2 - 20*s + 1. Let v(t) = -2*k(t) + 5*o(t). What is v(2)?
16
Let x(h) = h + 16. Let j = -523 - -526. Suppose -j*b - 1 = l, 0 = l - 5*b + 9*b - 3. Calculate x(l).
3
Let x = 0 + 3. Suppose 2*q - 5*n = 1055, 0 = -2*q + 4*q - 3*n - 1049. Let i(w) = -3*w**2 + 521*w**3 + 0 - q*w**3 + 1. Determine i(x).
1
Let l(i) be the second derivative of -i**4/6 - i**3/2 + 5*i**2/2 - i - 5. Let j(q) = 2*q**2 + 3*q - 4. Let z(r) = 7*j(r) + 6*l(r). Determine z(-4).
22
Let b(z) = z**3 + 9*z**2 - 37*z - 21. Let d be (16/(-6))/(452/2034). Give b(d).
-9
Let o(q) = -q - 4. Suppose -50 - 10 = -15*w. Let l be ((-1)/4 - 227/w) + -3. Let f be 10/l + 58/(-12). Determine o(f).
1
Let j = -38 - 4. Suppose 0 = 6*c + 5*c - 429. Let u = j + c. Let i(r) = -2*r. What is i(u)?
6
Let f(s) be the first derivative of s**4/4 - 5*s**3/3 + s**2 - s - 4210. Let o(b) = b + 7. Let a be o(-5). Suppose -2 = -a*j + 2. Give f(j).
-9
Let h(g) = -1103*g + 562*g + 543*g - 66. Give h(16).
-34
Let z(o) = o**2 - o. Let a(j) = -2*j**2 - j. Let g(r) = -a(r) - 3*z(r). Let x be g(4). Let d(u) = -6*u + 131 - 8*u - 260 + 15*u + 100. Calculate d(x).
-29
Let r(a) = a. Let p be r(5). Suppose -y = -p*y + 96. Let w(f) = -1 + 2 - f - y*f**3 + 22*f**3. Give w(1).
-2
Let j(g) be the third derivative of -19*g**6/720 + 41*g**4/24 + 2*g**2 - 9*g. Let s(a) be the second derivative of j(a). Give s(1).
-19
Let r(n) be the second derivative of n**6/180 + n**5/20 + n**4/6 + 2*n**3 + n**2 - 136*n. Let q(o) be the second derivative of r(o). Give q(-4).
12
Let j = 131 - 120. Let y(l) = -6*l**2 + 10*l + 11. Let o(g) = -7*g**2 + 10*g + 13. Let n(w) = 5*o(w) - 6*y(w). Give n(j).
10
Let z(x) = -30 + 10 + 10*x - 8*x - 5*x - 13. What is z(-5)?
-18
Suppose -5*m - 25 = -15. Let s be 0/m - (-12 - -7). Let g(t) = -6*t + 5 - t + s*t + 0. Determine g(-6).
17
Let f(m) = 11*m**3 + 7*m**3 - 14*m**3 + 6 - 99*m**2 + 38*m**2 + 15*m. Calculate f(15).
6
Let o(v) = v**2 + 29*v + 75. Let n be 360/(-14) - (-2)/(-7). Let u be o(n). Let q(j) = -3*j - 8. Let l(z) = -z - 1. Let c(p) = 4*l(p) - q(p). What is c(u)?
7
Suppose -1664 = 12*c + 50*c + 2*c. Let q(x) = -x**2 - 29*x - 79. What is q(c)?
-1
Let v(r) = r**3 - 6*r**2 - 6. Suppose 144 = -5*u + 444. Let h be (-10)/(-4)*u/25. Let a be v(h). Let n(f) = 2*f + 5. What is n(a)?
-7
Let k(f) = f**3 + 11*f**2 - 81*f - 14. Let p be k(-16). Let r(h) = -10*h**2 - 5*h + 6. What is r(p)?
-44
Let k(y) be the second derivative of 3*y**2 + 1/2*y**3 + 0 + 208*y. What is k(-6)?
-12
Let y(d) = d**3 + 3*d**2 - 8*d - 7. Let z = 186 - 184. Suppose 1 = -q - z*i, 0*q - 4*i = q - 3. Calculate y(q).
-17
Suppose 0 = i + 1 + 4, -4*p - 4*i - 16 = 0. Let r(y) = -2*y + 1 - 2*y**2 + 7*y**2 - 3*y**2. What is r(p)?
1
Let q(t) = -5*t - 4. Let r be -1*3/((-3)/(-4)). Let c(y) be the third derivative of y**5/60 + y**4/4 + 5*y**3/6 - 72*y**2 - 9. Let w be c(r). Calculate q(w).
11
Let y(g) be the third derivative of -g**5/60 - g**4/6 + 5*g**3/6 - 754*g**2 - 2. Suppose 4*m = -4*k - 12, 3*m - 13 = 5*k + 18. Give y(k).
0
Let j be 2 + 13 + (-3 - 1)*75/50. Let p(y) = y**2 - 7*y - 5. Calculate p(j).
13
Let y(w) = 13 - 128*w - 39*w**2 - 61*w**2 + 214*w**2 - 45*w**2 - 51*w**2. Give y(7).
-1
Let d(i) = 3*i + 52. Suppose 51 = -3*r + 2*v, 3*v + 42 = -2*r - 5. What is d(r)?
-5
Let k(p) = p**2 + 16*p - 21. Let z be (5/15)/(6/54). Let y(t) = 14*t - 59. Let i be y(z). Give k(i).
-4
Let x(s) be the third derivative of s**6/120 - s**5/15 + s**4/12 + s**3/2 - 12*s**2 + 1021. Let o(a) = -a**2 - 7*a - 3. Let w be o(-6). Give x(w).
0
Let i(a) = -7*a**2 + a + 4. Let c(j) = -698*j - 8*j**2 + 5 + 5 - 5 + 699*j. Let t(n) = 2*c(n) - 3*i(n). Let f = 2 + 0. What is t(f)?
16
Let z(a) = -a**2 - 8*a. Suppose 4*x = 5*j - 189, -3 = -4*j + j. Let k(c) = 5*c - 84. Let u be k(9). Let n = x - u. What is z(n)?
7
Let p be (5/150)/(6/4*2/6). Let g(v) be the third derivative of 0*v - 11*v**2 + 0 - p*v**5 - 1/24*v**4 + 5/6*v**3 - 1/120*v**6. Calculate g(-4).
9
Let i(z) = 8*z**2 - z - 4. Let s(c) = 4071*c**2 - 4092*c**2 + 3*c + 15 - 4. Let g(q) = 11*i(q) + 4*s(q). Determine g(-1).
3
Let d(y) be the first derivative of 4*y**2 - 96*y + 5740. Give d(15).
24
Let t(f) = -f**2 + 27*f - 109. Let o be (1212/(-1515))/((-4)/110). Determine t(o).
1
Suppose 0 = -5*p - 0 + 25. Let o(c) = -2*c + 3. Let x(d) = -3*d + 5. Suppose -y = f - 3 - 2, -3*y + 36 = -4*f. Let l(t) = y*o(t) - 5*x(t). Calculate l(p).
-6
Let x(i) = 9*i + 26. Let f(v) = -8*v - 21. Let m(u) = 4*f(u) + 3*x(u). Let q = -231 - -227. What is m(q)?
14
Let d = 54 - 33. Let w(q) = d + q**2 - 2*q**2 - 44 + 19 + 5*q. What is w(7)?
-18
Let l(t) be the second derivative of 2*t**3/3 - 2*t**2 - 2911*t. Determine l(-1).
-8
Let a(m) = 214*m + 35. Let o(r) = 270*r + 34. Let y(s) = 5*a(s) - 4*o(s). What is y(4)?
-1
Let m be (2/6)/((-3)/(-342)). Let r(c) = 83*c - 55*c - m*c. Give r(2).
-20
Let h be (70 - 72)/((-3)/(-24)). Let m(k) = -3*k - 49. What is m(h)?
-1
Let r(o) = -o**3 + 4*o**2 + 5*o + 12. Suppose 100*c - 375 = 125. Calculate r(c).
12
Let v(k) = -k**3 + 6*k**2 - 22*k + 57. Let m(b) = -304*b - 1516. Let i be m(-5). Calculate v(i).
1
Let m(b) = -b**3 + 20*b**2 - 19*b + 9. Suppose 3*p - 164 = -107. Calculate m(p).
9
Let t(m) = -3*m**3 + 15*m**2 - 32*m + 49. Let i(p) = 5*p**3 - 22*p**2 + 49*p - 76. Let o(f) = -5*i(f) - 8*t(f). Determine o(-11).
-12
Suppose 0 = -n - 3*q - 15, n - 8 = 2*q + 2. Let j = -41 - -43. Let d(b) = b + b - 2*b + 14 + b - b**j. What is d(n)?
14
Let z(d) = -d - 9. Let c be (5 - -1)*12/(-18). Let a(l) = -l - 7. Let r(w) = c*a(w) + 3*z(w). What is r(7)?
8
Suppose 11*s + 1749 = -1210. Let a = s + 278. Let f(i) = -i + 4. Determine f(a).
-5
Let b(f) = 5*f - 293 + 148 + 130. Determine b(6).
15
Let q be (-88 + 86)/((-1)/(-3)). Let y(j) = -j**2 - 14*j - 52. 